2*i**2 + 10*i - 16 + i. Let q be s(-13). Suppose 11*a = 276 + q. Calculate the highest common divisor of 130 and a.
26
Let u = 15629 + -15341. Let i(g) = g**2 - g + 2. Let m be i(6). Calculate the greatest common factor of u and m.
32
Let q = 757 - 283. Calculate the highest common factor of q and 1027.
79
Let d(a) = -3*a**2 + 21*a + 5. Let k be d(7). Suppose -2*c + 50 = k*j, -4*j = -7*j + c + 41. Calculate the greatest common divisor of 12 and j.
12
Let a = -38 + 38. Suppose 6*r + 9 + 9 = a. Let k be ((-2)/4 + 0)*r*22. Calculate the highest common divisor of k and 66.
33
Suppose -3*k = j - 811, 99 = k - j - 170. Calculate the greatest common factor of 702 and k.
54
Suppose 3*w = u - 5710, -4*w + 9*w = -4*u + 22755. Calculate the greatest common factor of 85 and u.
85
Let k be -1*4*(-5)/2. Suppose -7*i + 8*d - 6*d + 2588 = 0, 0 = -5*i - d + 1851. Calculate the highest common divisor of k and i.
10
Let c be (2 + 1/(-4))/(-8 + (-2123)/(-264)). What is the highest common divisor of c and 2247?
21
Let p = -51 - 283. Let r = p - -336. What is the highest common divisor of r and 46?
2
Let v be -4*7*(-4 - -3). Suppose -545 = -11*k + 687. What is the highest common divisor of v and k?
28
Suppose -4*n + i = -484, -4*n - 3*i + 2553 - 2085 = 0. Calculate the highest common factor of n and 27.
3
Suppose -j = 4*s + 10 - 26, 0 = -4*j. Suppose 134 - 74 = s*n. What is the highest common factor of n and 35?
5
Let t be (-2331)/(-18)*280/98. Calculate the highest common factor of t and 41995.
185
Let w = 2 - 9. Let p = 7 + w. Suppose -117 = -4*a + 3*n, n - 121 = -4*a - p*n. Calculate the highest common factor of a and 12.
6
Suppose 0 = -4*c + 120 + 336. Let q(p) = 3*p**2 + 37*p + 82. Let f be q(-10). Calculate the highest common divisor of f and c.
6
Let n = -195631 + 195643. Let g be (-1*1)/((-2)/68). Let k = 8 + g. Calculate the greatest common factor of k and n.
6
Let q be ((-262)/1048)/((-1)/408). What is the highest common divisor of 10659 and q?
51
Let p be -1 + -4 + 8 + 48. Let d = -48 + p. Suppose 7 - d = 2*c. What is the greatest common factor of c and 22?
2
Let s be 2/((-346)/(-1782) - (-2)/(-11)). Suppose -3*p = -0 - s. What is the highest common factor of p and 216?
54
Let s be (9/2)/(1672/(-336) - -5). Let g = s - 183. What is the greatest common factor of g and 26?
2
Suppose -o = 2*f + 4 - 1, -2*o - 2*f = 2. Let u be 0/((o - 2) + -2). Suppose u = 3*y + 7*y - 600. What is the highest common factor of 90 and y?
30
Suppose 0 = 4*t - 3*m - 1638, -3*m + 1260 = 26*t - 23*t. What is the greatest common factor of t and 63?
9
Let n(s) = -4*s**2 - s**3 + 0*s**3 + 7 + 16 - 1. Let c be n(0). Calculate the greatest common factor of 308 and c.
22
Let b be (-310)/(-15)*-2*6/(-4). Suppose l - 36 + 186 = 5*k, 180 = 5*k + 5*l. What is the greatest common divisor of b and k?
31
Let p = 167 - 362. Let u = 207 + p. Calculate the greatest common divisor of 24 and u.
12
Let u(z) = -z**3 + 19*z**2 + 24*z - 2. Let p be u(17). Calculate the greatest common factor of 48 and p.
24
Suppose -3*n + 9*n = -174. Let u = n + 37. Let s be (u - -7)*(-1)/(-3). What is the greatest common divisor of 5 and s?
5
Suppose -5*x - 3*k = -551, 0 = 3*x - 6*x - 3*k + 333. Let n = -89 + x. Let l = 163 - 103. Calculate the greatest common factor of l and n.
20
Suppose 3*c - 291 = -5*h, -3*h - 318 = -3*c + h. Let b be ((-6)/(-10))/(134/148070). What is the highest common factor of b and c?
51
Let f = 113 - 56. Let j = -82 + f. Let q = -13 - j. Calculate the highest common divisor of q and 84.
12
Suppose 0 = -5*f + 20, 4*y + 0*y + f = -156. Let k = 88 + y. Calculate the greatest common divisor of 112 and k.
16
Suppose -36 = -4*a + 3*d, 4*a - 4*d = -25 + 61. What is the highest common factor of a and 4?
1
Let p be (-6)/(-15) + 290227/245. Calculate the highest common divisor of 135 and p.
15
Suppose -3*h + 2*n + 14 = 5, -4*n - 15 = -3*h. Let t be (-6)/((-10)/5) - -6. Let d = t + 2. What is the highest common divisor of h and d?
1
Let l = 251 + 505. Suppose 0*d + l = 4*d. Let a = -182 + 209. Calculate the greatest common divisor of a and d.
27
Let y(u) = -41*u**2 + 122*u + 25. Let f be y(3). Let v be 1/1*1/(-1). Let n = v + 12. What is the greatest common divisor of n and f?
11
Suppose -3*t + 163 + 317 = 0. Suppose 114*f - 119*f + t = 0. Calculate the greatest common factor of 2 and f.
2
Let p = 1059 + -1086. Suppose -4*w = w + 3*a - 246, 4*a + 184 = 4*w. Let n = w + p. What is the highest common factor of n and 28?
7
Let y = -135 - -133. Let g be -70 + -10*(-1)/y. Let f = g + 103. What is the greatest common divisor of 56 and f?
28
Let k(y) = -201*y - 8641. Let p be k(-43). Calculate the greatest common divisor of 787 and p.
1
Suppose 5*t + 493 = 3*p, 0 = p - 3*t - 16 - 143. What is the greatest common factor of p and 117?
9
Suppose -282*f = q - 279*f - 49, 3*q - 2*f = 158. Calculate the highest common divisor of q and 2132.
52
Let j be ((-11094)/(-75)*15)/(2/5). Calculate the highest common factor of j and 516.
129
Let h = -415 - 475. Let u = -115 - h. Calculate the highest common divisor of 25 and u.
25
Let s(x) = -2*x**2 + 2*x - 9 + 54 + 85. Let q = 64 - 64. Let r be s(q). Calculate the greatest common divisor of r and 10.
10
Let a be ((-215)/3)/(45/(-135)). Calculate the highest common divisor of a and 5977.
43
Let q = -65 + 19. Let t = 18 + q. Let g = t - -40. Calculate the greatest common factor of g and 12.
12
Let x(g) = -6233*g - 1344. Let j be x(-2). Calculate the greatest common factor of j and 83.
83
Suppose -8180 = -3*r + 3*t + 2986, -4*r - 5*t = -14942. What is the greatest common factor of r and 40?
8
Suppose -2*x + 33 = -5*w, 3*w + 5 + 4 = 0. Let p = x - -1. Let o be (-26)/p*(-3 - 2). Calculate the highest common factor of o and 13.
13
Let u(s) = -11*s**2 + 8*s - 28. Let x be u(4). Let i = 200 + x. What is the greatest common factor of i and 4?
4
Let v(o) = -250*o - 1741. Let f be v(-8). Calculate the highest common divisor of f and 1073.
37
Let l(v) = 4*v**2 - 8*v + 74. Let q be l(-8). Suppose -q = -21*c + 110. What is the highest common factor of 456 and c?
24
Let k be (-10)/(-6) + 7/21. Suppose 0 = 4*u + 4, 5*o + 24 = u + 135. Let f = -6 + o. What is the highest common factor of f and k?
2
Suppose -92 = 3*r + 4*g + 22, -4*g = 4*r + 156. Suppose 0 = -155*a + 121*a + 2516. Let f = r + a. Calculate the highest common factor of f and 48.
16
Let b(i) = -38*i**2 + 44*i + 8. Let m be b(1). Let w(x) = x**3 + 2*x + 2. Let d be w(3). Suppose 2*j + d = 3*j. Calculate the greatest common factor of m and j.
7
Suppose 0 = -4*z - 2*z + 24. Suppose 3*h + 324 = 3*w, 2*h + 453 - 15 = z*w. Calculate the highest common factor of 37 and w.
37
Let q be ((-16)/((-992)/(-31)))/(2/(-232)). What is the greatest common divisor of 26 and q?
2
Let x be (-26)/(-169) + 74/26. Suppose -x*m - 4*b = 256 + 36, -3*m + 4*b = 332. Let t = -77 - m. Calculate the greatest common divisor of 108 and t.
27
Suppose -5*r = 650*d - 649*d - 6598, 10 = -5*d. What is the highest common divisor of 143 and r?
11
Let w(f) = -4*f - 5. Let m be w(-4). Let q = 72017 - 71918. What is the highest common factor of q and m?
11
Let v(n) = n + 1. Let h(p) = p**3 + 6*p**2 - p + 6. Let k(q) = -h(q) + v(q). Let o be k(-9). Let x = 12 - -8. What is the highest common divisor of o and x?
20
Let q(c) = -c**2 + 116*c - 3321. Let n be q(54). What is the highest common divisor of n and 6804?
27
Suppose 44*s - 28836 = 2140. Calculate the highest common divisor of 44 and s.
44
Let i(r) = -r**3 - 13*r**2 - 13*r + 18. Let l be i(-12). Let z = 37 - l. Let x = z + -1. What is the highest common factor of x and 48?
6
Let l(w) = 6*w - 14. Let x be 3/(-8) - (-38)/16. Let c be l(x). Let g be 18/15*(c - -6 - -6). What is the highest common divisor of g and 48?
12
Suppose -12*f + 24 = -2*j - 16*f, -5*j = -3*f + 60. Let n be 90*j/(-90)*5. What is the greatest common factor of 300 and n?
60
Let n be (-374)/231*-156 - 6/(-14). Calculate the greatest common factor of 143 and n.
11
Let o(i) = 10*i**3 - 17*i - 1 + 12*i + 7*i. Let h be o(1). Let g = h - 7. Calculate the highest common divisor of 4 and g.
4
Suppose 573*l + 5320 = 587*l. What is the highest common divisor of 1045 and l?
95
Let b(g) = g**3 - 64*g**2 - 50*g + 204. Let m be b(65). What is the highest c